) + (-5 - -4)?
2
What is (-1 - -6) + (3 - 12) + 6?
2
What is the value of 1 + 1 - (0 - -6)?
-4
What is 5 + 4 + (-10 - -5) + -2?
2
0 + -8 + 6 + 5
3
-2 + 0 + (13 - 8 - 2)
1
0 - (9 + 8 + -14)
-3
What is the value of -5 + 6 + 5 + -4?
2
What is -5 - (-1 + 3 + -10)?
3
Evaluate 1 + (3 - (-4 + 3)) + 2.
7
(-16 - -13 - (3 + 0)) + 0
-6
Evaluate -8 + -4 + (-8 - -14).
-6
What is the value of 6 - (1 + 0) - (22 - 12)?
-5
0 - -2 - -5 - 2
5
Evaluate 3 - 0 - 8 - (-2 - 2).
-1
Evaluate -1 - -3 - ((-2 - -8) + 0).
-4
Calculate (-12 + 4 - -5) + -3.
-6
Evaluate -10 - (-1 + -14 + 8).
-3
What is (7 - (3 + 13)) + 7?
-2
Evaluate -6 + 0 + 1 - -2.
-3
Calculate -1 + 6 + -2 - 7 - 0.
-4
Calculate (1 - (1 - 2)) + -3 + 2.
1
-9 - (1 - (4 + 0))
-6
What is the value of -2 + -1 - (0 + -1)?
-2
What is -5 + (-1 - -3) - -6?
3
Calculate (0 - (8 + -7)) + 0 + 7.
6
Calculate 10 + 0 + 3 + -6.
7
What is -3 - 5 - (-17 - -8 - -1)?
0
What is (15 - 24) + -1 + 6?
-4
What is 4 - (0 - 4) - 2 - 1?
5
What is the value of -2 + 1 + (-5 - (-4 - -2))?
-4
-1 + 4 + -4 - 3 - -1
-3
What is the value of -2 - (-2 + 1) - 3 - 1?
-5
-8 + (0 - (-3 - -2 - 1))
-6
Evaluate -3 - (-1 + 2 - (-8 + 10)).
-2
What is -11 + 1 + (1 - -4)?
-5
Calculate 4 - (-12 + 10 + 4).
2
Evaluate -2 - 2 - (1 - 2) - -1.
-2
What is the value of 3 - (8 + 1 - 5)?
-1
What is 4 + (5 - (-5 - -3 - -7))?
4
-10 + -8 + 7 + 6
-5
What is -1 - (5 - (11 - 3))?
2
Calculate -4 + 4 + 11 + -3 + -3.
5
Calculate -4 - -9 - (-1 + -2) - 4.
4
What is -11 - -8 - (2 - 1 - 3)?
-1
What is 1 + (-3 - -3) - 2 - -1?
0
What is (-4 - (7 - 4)) + 1?
-6
What is the value of 1 + (1 - (-6 - -14))?
-6
What is the value of -7 + -6 + 13 - -2?
2
Calculate 0 + (3 - 8) + 5.
0
What is -9 + -8 + 6 + 6 + -1?
-6
What is the value of 32 - 34 - (2 + (2 - 2))?
-4
What is the value of -6 + 5 + -2 + -2?
-5
What is the value of 2 - (6 - 4) - -2?
2
What is -5 + -2 + 3 - (-9 - -1)?
4
Calculate (0 - -5) + (-8 - (-5 + -1)).
3
What is the value of (-7 - -11) + (1 - 7 - 2)?
-4
Evaluate (2 + 1 + 0 - 5) + 7.
5
(1 - 2) + -2 + 5 + -2
0
What is -3 - (-21 + 12) - (2 - -1)?
3
8 + -17 + 2 + 6
-1
(3 - 6) + 2 - (5 + -3)
-3
1 + -4 - (6 - (12 - 0))
3
Evaluate -2 - (-9 - -9) - -9.
7
What is 8 - (-3 - (-12 + -9))?
-10
-3 + 3 - (-1 + 5)
-4
What is the value of (30 - 21) + 2 + -9 - -7?
9
What is 5 + -4 + -5 - -4?
0
What is 0 - (4 - 9 - (-1 + -3))?
1
What is the value of 7 - (1 + 3) - 7?
-4
What is 2 + -7 + 9 + -15 + 21?
10
2 + 3 - (0 - -9)
-4
-4 - (-15 + 6 - -1)
4
What is (-4 - (4 + -4)) + 3 - 4?
-5
Evaluate 5 + -2 + (3 - 1) + 0.
5
Calculate (1 - 0) + 1 - (-54 - -53).
3
What is the value of 0 + -3 - (0 + 2) - -4?
-1
Evaluate 5 - (2 + -3 + 5).
1
What is the value of 5 - 3 - 4 - (1 + 0)?
-3
-7 - (-11 - (-6 + 6 + -6))
-2
Evaluate 5 - (6 - 3 - 7) - 4.
5
What is the value of -7 + -1 + 4 + 7?
3
What is 5 + -9 + 4 + 4 + -1?
3
What is the value of (-6 - (11 + -7)) + 2?
-8
What is the value of -3 + -3 + 2 + 2 + -3?
-5
What is the value of -8 + 8 + -6 - -10?
4
Evaluate -3 + (0 - 0) + 5 - -2.
4
Calculate 16 - (7 + -3) - 7.
5
-2 + 1 + -3 + -3 + 5
-2
What is -8 + (3 - (-7 - -6))?
-4
What is (8 - 4 - 4) + 2?
2
What is 0 + -4 - (-3 + 5 + -3)?
-3
What is the value of 9 - ((-1 - 6) + 15)?
1
What is -3 + (-3 - 2 - -6) + 1?
-1
Evaluate 6 + -5 - -1 - (-2 - -1).
3
-17 + 18 + -9 - -4
-4
Evaluate -1 + 0 + 6 - 2.
3
(0 - 1) + (0 - (2 - 0))
-3
What is -11 + (36 - 25) - (-8 + -1)?
9
Evaluate (-2 - (2 + -2 - 1)) + 3.
2
What is the value of (-11 - -10) + (-1 - 4)?
-6
What is the value of -2 - 12 - (-4 - (-2 - -5))?
-7
What is (10 - 8) + (1 - -1)?
4
Calculate 1 + (-14 - -5) + 5.
-3
Evaluate -8 + 9 + -2 + -1.
-2
Calculate (8 - 13) + (5 - -1).
1
What is the value of -4 + 4 + (-1 - 2)?
-3
10 + -1 - 8 - 5
-4
What is 0 + (-8 - (-1 + -4))?
-3
What is -10 - 1 - (-13 - -3 - -5)?
-6
Calculate -5 + -2 + (-2 - -13).
4
Calculate (1 - -1) + (-2 - -3).
3
-4 - (-4 + -2 + 0)
2
Calculate -18 - (-18 - (-13 - -3)).
-10
Calculate -27 + 31 - ((1 - -11) + -1).
-7
Evaluate 8 + -10 + (2 + -4 - -6).
2
-6 + (8 - 2) - (1 + -1)
0
1 - 4 - (-5 + 2 - 1)
1
Calculate -1 - -4 - 3 - -3.
3
Calculate 2 + (1 - (5 - 5)) + -5.
-2
What is the value of (2 - -4) + 0 + 1 + -2?
5
What is -1 + 0 + (-9 - -11) + -3?
-2
-2 - (2 + -6) - (3 + 0)
-1
What is 0 - 10 - (-8 - (0 + -4))?
-6
(-1 + 3 - 0) + -6 - -1
-3
What is (-4 - (1 + -6)) + (-1 - 2)?
-2
-2 + (4 - 6) + 5 + -2
-1
-3 + 1 + (-2 - -6 - 7)
-5
Evaluate (-9 - (0 + -1)) + (-6 - -9).
-5
Calculate (-4 - 4) + -1 + 5.
-4
What is the value of -1 + (6 - 4 - 0)?
1
Calculate 1 - (3 + (-2 - 5) + -2).
7
What is (12 - (2 + 2)) + (-4 - 2)?
2
Evaluate 1 - (-4 + -2) - 2.
5
What is 0 + -4 + (11 - (1 - -4))?
2
What is 0 - (-9 - (-4 + 3)) - 3?
5
What is 21 - 19 - (0 - 3)?
5
What is the value of -12 - (-13 + (10 - 2))?
-7
Evaluate 7 - (-2 - -4) - 3 - 6.
-4
Calculate 2 + -2 - (10 + -10).
0
Evaluate 2 + 1 - ((-1 - 2) + 3).
3
What is the value of 8 + -3 + -4 - -3?
4
Evaluate 15 + (-4 + 2 - 6) - 7.
0
Evaluate 6 - ((1 - -7) + -6).
4
Evaluate 0 + (5 - 7) + 5.
3
What is (-4 - -1) + (-14 - -5) + 11?
-1
Evaluate (-4 + 1 - -6) + 0.
3
5 + 0 - (-7 + 7)
5
What is -5 + 6 + 1 + (2 - 1)?
3
(3 - ((1 - 4) + 6)) + -4
-4
Evaluate -5 - (-2 + 3) - (71 + -71).
-6
Calculate -7 - (5 + (3 + -11 - -1)).
-5
Evaluate 1 + (3 - 4) - -3.
3
Calculate 4 + (-2 - (-2 - (3 - 3))).
4
-3 - (-8 - (-13 + 6))
-2
What is 3 - (1 + (-3 - -1)) - 2?
2
What is (4 - 5 - -2) + -2 - 4?
-5
What is (2 + -1 - -4) + -18 + 14?
1
-42 - -38 - (-4 - -1 - -1)
-2
What is 0 + -2 + (0 + 5 - 3)?
0
Evaluate -8 - (-4 + 6) - -3.
-7
0 - (1 + (4 - (-1 + 4)))
-2
(1 - 1) + (5 - (7 - 5))
3
-4 + 1 - (-2 - -2) - 0
-3
What is the value of -1 + (1 - 2) + -3 + 6?
1
What is the value of 8 - ((7 - -4) + -5)?
2
What is 8 - ((-5 - -6) + -6 - -9)?
4
Evaluate -8 + 2 + -3 + 7.
-2
-5 - (-2 + -5 + 4 - -2)
-4
What is the value of 23 + -7 + -9 - 0?
7
Evaluate (-24 - -15) + (8 - (6 + -2)).
-5
1 + -11 + (-9 - -1 - -15)
-3
What is -3 - ((-4 - -5) + 4)?
-8
Calculate -12 - ((-25 - -26) + -1 + -6).
-6
Calculate (0 - -3) + (0 - -5 - 3).
5
Calculate -6 + 2 + (2 - 2 - 1).
-5
(2 - (9 - -4)) + 6
-5
What is the value of -3 - (0 - (2 + 2))?
1
(-3 - -3) + -3 + 2
-1
What is 11 + -18 + 1 + (4 - 1)?
-3
What is (1 - (2 - -2)) + 13 + -5?
5
Calculate 0 - (-10 + 0) - 8.
2
Calculate 1 + 8 + 1 + -5 - 3.
2
What is -6 + (-1 - (4 + -10))?
-1
What is the value of (-68 - -71) + 1 + (-2 - -2)?
4
Calculate -3 - (-3 - (1 - 2)).
-1
-13 + (-1 - -4) + 3
-7
What is (7 - 4) + 1 - 8?
-4
Calculate 4 - ((0 - 3) + 5).
2
What is the value of 9 + (7 - 7) + -3?
6
Calculate (-4 - -6) + -1 - (-3 - -2).
2
What is the value of (-6 - -2 - 3) + 3 - -4?
0
Calculate 7 - 5 - (0 + -1).
3
Evaluate 0 - (-3 + -1) - 1.
3
Calculate -3 + 1 + 8 + 1.
7
Calculate -4 + 5 - ((-7 - -3) + 3).
2
What is the value of 3 - (-1 + (-7 - -17))?
-6
What is -6 - ((-5 - -1) + 1)?
-3
Evaluate 7 - (9 + 9 + -19).
8
Evaluate 6 - (-3 + 5 + 4).
0
Calculate -2 + 4 + 1 + -3 + -1.
-1
What is -14 + 15 + (-5 - 0)?
-4
What is 6 + -11 + 6 + 5 + 1?
7
Calculate -4 - ((0 + -3 - -3) + 0).
-4
Evaluate -8 - (-4 - -1 - 0).
-5
Calculate 4 + -6 + -1 + -1 - 2.
-6
Evaluate (-1 - (1 - 11 - -2)) + -2.
5
Calculate (0 - 4) + (-5 - -11).
2
Evaluate 0 + 1 + (0 - 2) + -1.
-2
What is -15 - (2 - (2 + 7))?
-8
What is 2 + (-7 - (-2 - 4)) + 4?
5
4 - 6 - (-3 + 2)
-1
Calculate 3 - (3 + -1 - 1) - 1.
1
-2 + 4 + 1 + 0
3
Evaluate 5 + (4 - (-6 + 20)).
-5
Calculate -7 + (20 - 12) - (4 + 0).
-3
-6 + -6 - -6 - -3
-3
0 + -1 + 4 + -6 + 0
-3
What is the value of -11 + -5 + 11 + -1?
-6
What is 1 + (-4 - (1 - 2)) - -6?
4
What is the value of (-110 - -117) + 1 + -6?
2
Evaluate 6 - 2 - (-7 - 0 - -7).
4
Evaluate 11 + -5 - 5 - 1.
0
Evaluate -6 - (7 - -1 - 12 - -6).
-8
Evaluate 1 - 1 - (-7 + -1 + 8).
0
What is the value of -3 - 1 - (-3 - -2) - -1?
-2
What is the value of 3 - (4 + -3) - 4?
-2
Calculate 4 + (2 - 5) - (-7 + 7).
1
Evaluate (1 - 7 - (48 - 50)) + 1.
-3
Evaluate -1 + 4 - (0 + 3 - -3).
-3
What is the value of 4 + 1 - 4 - (-1 - 0)?
2
Evaluate 1 - (-4 - (-7 - -2)).
0
-3 - -2 - 0 - 1 - 3
-5
Evaluate (1 - 6) + 2 + 1 + 0.
-2
What is the value of 2 + 0 + 0 + -3 - -2?
1
What is -3 + -6 + 5 + -1?
-5
(-5 - 0 - -8) + -4 + 3
2
What is the value of 2 - (-1 + 3 + -7 + 9)?
-2
What is the value of (13 - 18) + (3 - -1)?
-1
What is -5 + 2 + (2 - (0 - 0))?
-1
2 - -9 - (8 + -5 + 2